 - 17. What is g(12)?
7
Let q(y) = -2*y - 49. Determine q(-26).
3
Let y(o) = o**3 + 14*o**2 + 2*o + 10. Determine y(-14).
-18
Let y(c) = -4*c + 6. Give y(5).
-14
Let h(t) = -t**3 - 2*t**2 + 6*t + 2. Determine h(-4).
10
Let d(i) = i**2 - 94*i + 1435. Calculate d(19).
10
Let n(d) = -3*d - 1. What is n(-5)?
14
Let k(s) = s**3 - 4*s**2 - 5*s + 10. Determine k(4).
-10
Let p(h) = -2*h**3 - 3*h**2 - 4*h - 3. Calculate p(-2).
9
Let h(s) = 3*s**2 - 1. Give h(2).
11
Let v(g) = 3*g**2 + 4*g - 9. Determine v(3).
30
Let s(a) = 50*a + 409. Give s(-8).
9
Let s(x) = x**2 + 9*x - 16. What is s(-12)?
20
Let f(j) = j**3 + 10*j**2 + j + 11. Give f(-10).
1
Let t(r) = -r**3 - 8*r**2 + 8*r - 21. What is t(-9)?
-12
Let b(p) = -15*p**2 + p - 2. Determine b(1).
-16
Let n(b) = -b**3 + 6*b**2 - 6*b - 4. Calculate n(5).
-9
Let k(a) = a**2 - 12*a + 1. Calculate k(11).
-10
Let u(r) = -23*r**3 + r**2 + 3*r + 1. Give u(-1).
22
Let s(c) = 2*c**3 - 4*c**2 + 2*c - 2. Determine s(3).
22
Let h(z) = 8*z. Give h(1).
8
Let z(b) = 4*b - 25. Give z(5).
-5
Let q(y) = -y + 5. Give q(4).
1
Let s(y) = -3*y**2 + 3*y + 3. What is s(2)?
-3
Let z(y) = -21*y + 58. Give z(6).
-68
Let v(d) = -d**3 - 4*d**2 - 4*d - 2. Determine v(-3).
1
Let s(r) = r**3 - 5*r**2 + 2*r - 52. Calculate s(6).
-4
Let h(u) = -u**3 + u**2 + 1. Determine h(-2).
13
Let p(u) = -26*u**3 - u**2 + u + 2. Calculate p(-1).
26
Let j(m) = -m**3 - 75*m**2 + 75*m - 87. What is j(-76)?
-11
Let w(q) = 2*q - 1. Determine w(2).
3
Let i(v) = 2*v - 17. What is i(7)?
-3
Let n(t) = -t**3 - 3*t**2 + 7*t - 10. What is n(-6)?
56
Let j(k) = -k**3 - 13*k**2 - 23*k - 9. Calculate j(-11).
2
Let x(j) = -2*j - 8. Determine x(6).
-20
Let x(i) = -19*i - 5. Give x(0).
-5
Let c(r) = -r**2 - 2*r - 38. Calculate c(-5).
-53
Let l(h) = -46*h + 229. Give l(5).
-1
Let m(s) = -6*s**2 + 23*s + 22. Calculate m(-1).
-7
Let r(q) = q**3 - 5*q**2 + 7. Calculate r(3).
-11
Let y(r) = -r**3 + 14*r**2 - 9*r - 53. Give y(13).
-1
Let u(j) = 5*j**3 - 8*j + 6. Calculate u(1).
3
Let o(v) = v**2 - 8*v + 5. Determine o(4).
-11
Let d(g) = -19*g + 67. Calculate d(4).
-9
Let a(p) = -82*p - 2. Give a(-1).
80
Let c(h) = -h - 22. What is c(-9)?
-13
Let y(v) = -v**2 + 21*v - 23. Calculate y(17).
45
Let c(v) = v**3 - 5*v**2 + 3*v - 11. Calculate c(5).
4
Let b(s) = 33*s - 13. Give b(3).
86
Let x(o) = 3*o + 1. Give x(-13).
-38
Let k(l) = -2*l - 21. What is k(-9)?
-3
Let l(s) = -s**3 + s**2 + 33*s - 8. Give l(6).
10
Let f(m) = -9*m**3 - 4*m**2 - 6*m - 6. Determine f(-2).
62
Let q(g) = g**3 - g**2 - 16. Calculate q(0).
-16
Let g(r) = -r**2 + 10*r + 3. Give g(9).
12
Let t(m) = 3*m**2 - 34*m + 2. Give t(11).
-9
Let b(n) = -n**2 - 13*n - 13. Give b(-5).
27
Let r(g) = -g**3 + 19*g**2 - g + 12. Determine r(19).
-7
Let v(j) = j - 1. Calculate v(-5).
-6
Let c(w) = w**3 - 32*w**2 + 154*w + 52. Give c(26).
0
Let i(g) = g**3 + 9*g**2 + g + 14. Give i(-9).
5
Let i(a) = -a**2 - 12*a - 4. Give i(-11).
7
Let i(b) = b**3 - 2*b**2 - 3*b + 3. Give i(1).
-1
Let y(m) = 4*m + 7. Calculate y(-7).
-21
Let m(h) = -h**3 - 2*h**2 + 20*h + 42. Give m(-5).
17
Let a(m) = -m**3 - 8*m**2 + 5*m + 1. Give a(-9).
37
Let i(x) = -x**3 + 6*x**2 - 29*x + 110. Determine i(5).
-10
Let o(r) = 2*r**3 + r**2 - 6*r - 7. Determine o(-2).
-7
Let j(i) = -2*i**3 - i**2 + 3*i + 1. Calculate j(-2).
7
Let n(x) = x**2 - 8*x - 4. Calculate n(5).
-19
Let j(s) = -31*s + 496. Give j(16).
0
Let k(l) = -l - 4. What is k(-11)?
7
Let p(f) = 26*f + 2. Give p(-2).
-50
Let h(n) = 10*n**3 + 15*n - 14. Determine h(1).
11
Let x(i) = -i**3 + 9*i**2 + 38*i - 29. Calculate x(12).
-5
Let t(z) = -3*z + 18. Calculate t(-3).
27
Let x(w) = 32*w - 67. What is x(2)?
-3
Let h(r) = -51*r - 174. What is h(-5)?
81
Let d(f) = -4*f - 164. Calculate d(-38).
-12
Let i(t) = -t**2 + 58*t + 116. Give i(60).
-4
Let l(b) = b**3 + b**2 + 2*b + 8. Calculate l(0).
8
Let l(q) = 8*q**2 + 4*q + 4. Give l(-2).
28
Let q(l) = 2*l + 65. What is q(-13)?
39
Let g(m) = -8*m - 50. Give g(-7).
6
Let y(x) = -x**3 - 6*x**2 + x + 4. Give y(0).
4
Let d(g) = -15*g + 19. Determine d(-4).
79
Let n(f) = f - 9. Calculate n(8).
-1
Let h(z) = -2*z + 12. Calculate h(7).
-2
Let s(y) = -2*y**2 - 5*y - 2. Calculate s(4).
-54
Let i(a) = -a**3 + 11*a**2 - 9*a - 39. What is i(9)?
42
Let k(a) = -a**2 + 10*a + 56. Determine k(18).
-88
Let h(x) = 9*x - 15. What is h(2)?
3
Let k(o) = -2*o**2 + 6*o - 9. Determine k(3).
-9
Let w(t) = 2*t + 5. What is w(-8)?
-11
Let p(o) = -o**3 + o**2 + 5*o - 10. Calculate p(4).
-38
Let q(r) = r**3 + 10*r**2 + 18*r + 9. Give q(-8).
-7
Let y(c) = -123*c**3 - c**2 - 2*c - 2. Calculate y(-1).
122
Let h(n) = n**3 + n**2 - 39*n + 23. Give h(-7).
2
Let l(i) = -i**3 - 9*i**2 - 13*i - 1. What is l(-7)?
-8
Let l(a) = a - 5. What is l(10)?
5
Let u(h) = h + 16. Calculate u(-15).
1
Let f(x) = -2*x**3 + 3*x - 2. What is f(2)?
-12
Let u(h) = -h**2 - 7*h - 1. Calculate u(-8).
-9
Let y(d) = 64*d - 62. What is y(1)?
2
Let n(l) = 3*l**2 + 23*l + 52. Give n(-4).
8
Let b(a) = -2*a**2 + 3*a + 57. Determine b(-5).
-8
Let v(g) = -13*g**2 - 8*g - 9. Calculate v(-1).
-14
Let o(i) = -i**3 - 7*i**2 + 9*i + 16. Give o(-7).
-47
Let t(p) = p**3 + 9*p**2 + 9*p - 25. Determine t(-6).
29
Let v(c) = 7*c**2 + 2*c - 3. Determine v(2).
29
Let k(r) = 10*r + 130. Calculate k(-14).
-10
Let m(u) = -11*u - 38. What is m(-4)?
6
Let u(w) = -3*w - 8. Determine u(5).
-23
Let t(b) = b**3 + 3*b**2 - 19*b - 40. Determine t(-2).
2
Let a(u) = u**3 - 16*u**2 + 22*u - 103. Determine a(15).
2
Let q(y) = -17*y - 117. Give q(-8).
19
Let v(o) = o**3 - 15*o**2 + 11*o + 22. Calculate v(14).
-20
Let a(f) = -f**2 - 16*f - 4. Determine a(-20).
-84
Let n(w) = w**2 + 46*w + 341. What is n(-37)?
8
Let g(y) = -13*y + 22. Determine g(1).
9
Let h(r) = -r**3 + 2*r**2 - 37*r + 74. Give h(2).
0
Let m(t) = -8*t**3 - 96*t**2 + 2. Give m(-12).
2
Let s(h) = 3*h + 16. Determine s(-4).
4
Let y(f) = -7*f - 99. Give y(-14).
-1
Let c(l) = l + 32. Give c(-35).
-3
Let o(p) = p - 4. Calculate o(-7).
-11
Let v(i) = -i**3 - 4*i**2 + 2*i - 1. Calculate v(-5).
14
Let g(x) = -3*x - 3. Give g(-1).
0
Let c(j) = -12*j - 99. Determine c(-9).
9
Let y(h) = 2*h**2 + 3*h - 6. Give y(4).
38
Let n(o) = 8*o + 13. What is n(-11)?
-75
Let y(z) = -z**3 - 6*z**2 + 19*z + 19. Determine y(-8).
-5
Let u(q) = -19*q + 5. Determine u(-4).
81
Let l(w) = w**2 + 24*w + 152. Give l(-12).
8
Let f(d) = d**3 - 3*d - 48. Calculate f(0).
-48
Let g(n) = -26*n**2. Give g(-1).
-26
Let a(r) = r**2 - 6*r - 2. Give a(5).
-7
Let q(y) = y + 36. Determine q(8).
44
Let x(l) = -5*l**2 + l + 6. Give x(-2).
-16
Let y(o) = -o**3 - 4*o**2 + 7*o + 14. Calculate y(-6).
44
Let z(o) = -o**3 + 7*o**2 + 3*o - 18. Determine z(7).
3
Let z(a) = -a - 1. Calculate z(4).
-5
Let o(w) = 6*w - 3. Determine o(3).
15
Let f(y) = y**2 - 30*y - 4. Give f(22).
-180
Let q(m) = 2*m - 4. Determine q(6).
8
Let i(f) = 24*f**2 + 1. Give i(-1).
25
Let b(v) = 50*v + 696. What is b(-14)?
-4
Let f(s) = s**2 + s + 17. Give f(0).
17
Let f(a) = -27*a**2 + a + 1. Give f(2).
-105
Let k(l) = l**2 + l - 3. Calculate k(2).
3
Let k(v) = 4*v - 165. Determine k(47).
23
Let d(i) = -i**2 - 20*i - 43. Determine d(-18).
-7
Let r(z) = -5*z**2 - 3*z + 2. Give r(1).
-6
Let q(p) = -p**3 + p**2 - 2*p + 6. What is q(2)?
-2
Let c(h) = -12*h - 17. Give c(-11).
115
Let s(m) = m**3 + 14*m**2 - 14*m - 1. What is s(-15)?
-16
Let q(u) = -u**3 - 8*u**2 + u + 15. Calculate q(-8).
7
Let p(b) = b**3 - 10*b**2 - 10*b - 172. Calculate p(12).
-4
Let c(w) = -2*w**3 + 5*w**2 - w + 5. What is c(2)?
7
Let o(u) = -11*u - 2. Determine o(0).
-2
Let h(g) = 2*g**2 + 6*g - 3. What is h(-6)?
33
Let t(u) = 39*u + 28. Determine t(-1).
-11
Let g(c) = c - 46. What is g(20)?
-26
Let f(r) = r**3 - 5*r**2 - r - 6. Calculate f(6).
24
Let s(t) = 40*t - 129. What is s(3)?
-9
Let n(c) = c**2 + 4*c - 6. What is n(-6)?
6
Let y(o) = -o**3 + o**2 + 4*o + 13. Determine y(6).
-143
Let u(k) = 32*k - 324. Calculate u(10).
-4
Let m(j) = -j**3 + 3*j**2 - 2*j - 2. Determine m(2).
-2
Let p(m) = -16*m - 20. What is p(-5)?
60
Let m(x) = -x**2 + 4*x + 15. Calculate m(10).
-45
Let d(l) = l**3 - 10*l**2 + 9*l + 8. Determine d(9).
8
Let t(f) = 5*f - 3. Calculate t(7).
32
Let t(i) = -2*i**3 + 3*i**2 - i + 2. What is t(2)?
-4
Let n(k) = -k**3 + 9*k**2 + 11*k - 31. Determine n(10).
-21
Let y(p) = -5*p - 39. Dete